 v, 0 = -q - v + j. Is -1 + 1 - (-1 - q) a prime number?
False
Suppose -2*r = -1 - 3. Suppose f = 5*w + 328, 0*w = 3*f + r*w - 1069. Is f a composite number?
False
Suppose -2*u = -2*z + 54, -2*z - 2*u = 2*u - 60. Is (-6)/(-14) - (-14576)/z a composite number?
False
Suppose -2*s = -10 - 68. Suppose -4 = -2*a + 4*d - 0, 0 = 3*a + 3*d + s. Let u = -1 - a. Is u composite?
False
Let z = 7 - 0. Let p(k) = k**2 - 5*k - 9. Let u be p(z). Suppose 0 = -u*s + 4*m - 3*m + 928, -2*s - 4*m = -358. Is s a prime number?
False
Suppose 0 = -3*f + 4*f - 30. Suppose 9*z = 3*z - f. Is (27 + -4)/((-1)/z) composite?
True
Let l(y) = -1 - 9*y + 6*y - 6*y. Is l(-4) a composite number?
True
Let t be (-14)/4*-1*10. Suppose 0 = -3*x - t - 28. Let y = -11 - x. Is y a prime number?
False
Suppose 2*q + 6 - 16 = 3*k, 17 = -5*k + 3*q. Let p = k + 6. Suppose 0*x + 5*x - p*g = 435, 3*x - 3*g = 252. Is x composite?
False
Let v = 293 - 117. Let a = 325 - v. Is a a composite number?
False
Let t be (-40)/6 - (-2)/3. Let r be ((-5)/10)/(1/t). Let m = 3 + r. Is m composite?
True
Let g be 2651/2*(3 - 1). Suppose -z + i + 8838 = -g, -4*i - 11504 = -z. Is (2/(-6))/((-12)/z) composite?
True
Let h(w) = 10*w**2 - w + 8. Is h(7) a prime number?
True
Let v(p) = p**3 - 6*p**2 - p + 8. Let i be v(6). Suppose -i*a = -98 + 38. Is a + 3 + 0 - 0 a prime number?
False
Suppose -26 = 7*g - 12. Is 3*-1 - ((-16)/g - 994) prime?
True
Let c(f) = 288*f**2 + 5*f + 9. Is c(-6) composite?
True
Suppose 0 = -25*b + 216517 - 47042. Is b composite?
False
Let k(y) = -2*y**2 + y + 1. Let r be k(0). Is (r - 2)*-731 + -4 a composite number?
False
Let l(u) = -u**3 - 3*u**2 + 9*u + 1. Let i be l(-5). Let z be 24/(-9) - 4/(-6). Is (z/i)/(8/(-7368)) a composite number?
False
Let b be (-4678)/(-16) - 27/72. Suppose 3*d - 2*h - b = 115, 134 = d - h. Is d composite?
False
Suppose 2*b = 3*d - 15467, 9*d - 8*d - 5157 = b. Is d prime?
True
Let q = 11 - -732. Suppose -2702 = -5*z + q. Is z a composite number?
True
Suppose 4*w - 16298 - 12794 = 0. Is w a prime number?
False
Suppose q = 0, -o = 2*q - 0 - 3. Is o*(-758)/(-18) + (-4)/(-6) a prime number?
True
Let h = 117 - -11480. Is h prime?
True
Suppose -r + 0*u = -u - 2175, r = 2*u + 2171. Is r a composite number?
False
Let f = -70 - -162. Suppose y + 730 = -f. Is y/(-15) - 2/(-10) a prime number?
False
Let d = -68857 - -166842. Is d prime?
False
Let c be -1 - (0 + -5 + -2). Is 1330/12 + 1/c a prime number?
False
Suppose 8 + 0 = 4*r. Suppose -r*u + 565 = 119. Is u a prime number?
True
Suppose -5*p - 232 + 7 = 0. Let r be p/(-6)*688/12. Suppose -3*x - r = -o, -3*x = 4*o - 1551 - 94. Is o a composite number?
True
Let v(p) = -60*p**3 + 6*p**2 + 5. Is v(-4) a prime number?
False
Let d = 10568 - 5855. Is d a prime number?
False
Suppose 9 + 39 = 6*h. Let q(d) = 2*d**3 - 12*d**2 + 2*d - 3. Is q(h) prime?
True
Suppose 8043 + 3282 = 3*h. Suppose h = y + 4*f, -2*y = f + 2*f - 7525. Is y prime?
False
Suppose 5*a + 2*n = 28500, a + a - 4*n - 11400 = 0. Suppose -53 = 6*u + 1. Is (-3)/u - a/(-18) composite?
False
Is (-11 - -12) + -6 + (28347 - -1) prime?
False
Let x be (-535)/(-20) + 2/8. Suppose -2*c = -5*j + x, 9*c - 4*c = -j. Is (2 - c) + 1712/8 composite?
True
Let r(p) = -7*p**3 - 5*p**2 - 10*p + 2. Let w(n) = 15*n**3 + 10*n**2 + 21*n - 4. Suppose 4 = 3*j - 14. Let s(g) = j*w(g) + 13*r(g). Is s(-4) prime?
True
Suppose 0 = -60*x + 109317 + 71343. Is x a prime number?
True
Suppose 0 = 9*h - 2237 - 5422. Is h a composite number?
True
Suppose 0 = -9*s + 10*s - 532. Let j be 2192 - (-2 + 3/(-3)). Let t = j - s. Is t composite?
False
Let c(y) = 11271*y + 250. Is c(3) composite?
True
Suppose -13*n + 14 = -11*n. Suppose n*h = 6*h + 133. Is h a composite number?
True
Suppose 3*i = -4*t - 31, -40 = 5*t + 3*i + 2*i. Let v = t + 10. Suppose -v*q + q = -934. Is q prime?
True
Let t = -7 - -14. Suppose 2*a + 1565 = 5*q + t*a, -3*q + 3*a + 963 = 0. Is q a composite number?
False
Let s(j) = 2*j**3 + j. Let f be s(-1). Let p(x) = 2 + 5 + 5*x - 3 + 5*x**2. Is p(f) a prime number?
False
Let b be ((-1076)/12*3)/(-1). Let z = b - -36. Is z prime?
False
Let s = 20726 - 10429. Is s prime?
False
Is 1031499/42 + (-10)/4 composite?
True
Suppose 5*d - 4*q - 20423 - 17746 = 0, 2*d - 3*q - 15269 = 0. Is d composite?
True
Suppose -13*i = -10*i - 6. Suppose 0 = i*u + 3*u - 555. Is u a prime number?
False
Let x(y) = 6*y**2 + 47*y + 165. Is x(24) a composite number?
True
Let c(v) = -17*v + 7619. Is c(0) composite?
True
Let k = 35 - 10. Suppose 0 = 2*u - 2*v - 2*v - 10, 5*u - k = 5*v. Suppose -3*w = -u*l + 1496, 5*l + 4*w + w - 1520 = 0. Is l composite?
True
Suppose -4*f + 7*f + 90 = 0. Let i be 48/f + (-4)/10. Is 4*i/(-8)*77 composite?
True
Let p(b) = 90*b**2 + 102*b + 139. Is p(24) a composite number?
True
Let o(f) = 40*f**2 - 16*f - 289. Is o(-30) a prime number?
True
Suppose 68*r = 35*r + 169257. Is r a composite number?
True
Let k = 16 - 17. Let o(v) = -189*v + 2. Is o(k) prime?
True
Let h be -5 + 1*(2 + 7). Suppose 0 = 2*l + h*l - 1236. Is l composite?
True
Let z = 6 + -3. Suppose 4*i = -0*f + 2*f, -5*f - z*i = 0. Suppose -r = -f*d - 2*d + 2424, 0 = 5*r + 10. Is d composite?
True
Let w(u) = -1414*u + 23. Is w(-5) a prime number?
False
Suppose -3*b + c = 2*c + 11, 3*b + 7 = c. Is (3378/4)/(b/(-2)) a composite number?
False
Let g be 8 + 3*(2 - 3). Suppose g*w = 4*w + 1, 4*f + 3*w - 743 = 0. Is f composite?
True
Let b(n) = -498*n + 2. Let d be b(-6). Let x = d - 2008. Is x prime?
False
Let m(r) be the second derivative of 2*r**5/5 + r**4/2 + r**3/6 - 5*r**2/2 - 13*r. Is m(6) composite?
True
Suppose f + 8 = 5. Let a = -7 - f. Is (254/a)/((-3)/6) a prime number?
True
Suppose -19 = -4*r + 9. Suppose r*t - 8*t = 0. Suppose t = 5*p - 609 + 224. Is p composite?
True
Suppose -5*d - 10 = -5*v, 4*d = 4*v + 2*d - 14. Suppose -v*n + r = 1549 - 9736, -1635 = -n - r. Is n a prime number?
True
Suppose 84*y - 478706 = 10*y. Is y composite?
False
Is ((-147640)/(-60))/(4/6) prime?
True
Suppose 3 = 2*x - 5*x, 0 = h + 3*x - 4832. Is h a composite number?
True
Suppose 2*p + 0 = -2. Let j(l) = -314*l**2 - 11*l - 6. Let o(u) = -313*u**2 - 13*u - 7. Let r(d) = -6*j(d) + 5*o(d). Is r(p) composite?
True
Suppose -4*g + 11582 = 4*q - 39566, -5*g - 4*q = -63939. Is g a prime number?
True
Suppose 3*j + 2*c - 226 = 0, 0*j = -j - 3*c + 66. Suppose 0 = 5*a + o + o - 84, 4*a - j = 2*o. Let s(w) = w**3 - 17*w**2 - 10*w - 3. Is s(a) a composite number?
True
Let m(u) = -204*u**3 + 2*u**2 - 1. Let q(v) = v**2 + 3*v - 5. Let z be q(-4). Is m(z) a composite number?
True
Let j = 66 + 39. Suppose r = -4*o + j, 3*o = -4*r + 4*o + 369. Is r a prime number?
False
Suppose 0 = -g + 50*w - 53*w + 73418, 3*g + w - 220294 = 0. Is g a prime number?
True
Suppose 2*o - 16207 = -k, -4*k - 3*o + 61034 + 3779 = 0. Is k a composite number?
True
Suppose 3*q - 2*p = 3*p + 45, -4*p - 22 = -q. Let r(z) be the second derivative of 19*z**3/6 + z**2/2 + 6*z. Is r(q) prime?
True
Let h(v) = -v**2 - 18*v + 15. Suppose -2*p + p + 17 = 0. Let l = 3 - p. Is h(l) composite?
False
Let d = -85 + 88. Suppose -2*a - 1867 = -d*a. Is a composite?
False
Suppose -9238 = -5*w + 3*m, 2*w + 7*m - 3693 = 6*m. Is w a composite number?
False
Let t = 73 - 70. Suppose 3949 = t*z - 2*v, 3*v = 3*z + 2*v - 3950. Is z a prime number?
False
Let r = 8131 + 5518. Is r composite?
False
Suppose 5*j + 77213 = 4*l, -3*l - 4*j + 6*j = -57901. Is l prime?
False
Let y = 25025 - 16846. Is y a composite number?
False
Suppose -h - r = -14522, -3*r - 6 = -5*r. Is h prime?
True
Suppose -13*g + 10*g + 22097 = -2*l, 0 = -2*g + 3*l + 14723. Is g a prime number?
True
Suppose 22 = 5*a + 12. Suppose 0*y + a*n + 3258 = 4*y, -2447 = -3*y - 2*n. Is y prime?
False
Suppose -5*b + 3 = -12. Suppose 4*h - b*x = 175, -17 = -h - 3*x + 23. Is h composite?
False
Let d = 704 - -3009. Is d a composite number?
True
Let u(c) = -189*c + 30. Let a be u(2). Suppose 6*w + 3*d = 2*w + 28, 2*d - 2 = -w. Let x = w - a. Is x composite?
True
Suppose 2*a = -5*t + 32857, -4*t + a = -2*a - 26304. Suppose 5*x - t = -1978. Is x a composite number?
False
Let i be (4/(-20) + 0)*-25. Is (5 + -11 + i)*(-295 - -2) a prime number?
True
Suppose 0*h + 2*h = 2. Let d be 2 - h - (7 + -6). Suppose 7*o - 315 = -a + 2*o, 4*a + 3*o - 1328 = d. Is a prime?
False
Suppo